-1 - -182924c6?
182924c5
In base 6, what is 30020102 - 141?
30015521
In base 3, what is 102020010020 - -2012?
102020012102
In base 6, what is 1045314 - -1030?
1050344
In base 13, what is 38a2 - -388?
3c5a
In base 9, what is 1834748 + 587?
1835446
In base 2, what is 11000001010001100 - -100000100?
11000001110010000
In base 9, what is 165233828 + 14?
165233843
In base 5, what is -320 - -111402330?
111402010
In base 12, what is -4698 + -2884?
-7360
In base 6, what is -22043421042 - 2?
-22043421044
In base 11, what is 730 - 97568?
-96938
In base 7, what is -663422000 - -22?
-663421645
In base 12, what is -19690a8 - 4?
-19690b0
In base 5, what is 100114421222 - -3?
100114421230
In base 5, what is 11312423312 - -10?
11312423322
In base 6, what is 10203 - 450142?
-435535
In base 12, what is -55 - 13b41?
-13b96
In base 3, what is -22200221221211 + -210?
-22200221222121
In base 5, what is -113023 - 111000?
-224023
In base 12, what is -ba19 + -78a?
-105a7
In base 3, what is 111100221121 + -121010?
111100100111
In base 15, what is -10d6 + -11ab?
-2292
In base 15, what is 242c4 + -5?
242be
In base 7, what is 1023 - -3202?
4225
In base 2, what is 10 + -10100000010101000?
-10100000010100110
In base 10, what is -790162 + 163?
-789999
In base 12, what is 1b - 87176?
-87157
In base 14, what is 23 - -2a76bd?
2a7702
In base 2, what is -11111110111101110 + 100?
-11111110111101010
In base 6, what is -115 + 5324505?
5324350
In base 3, what is 1221021212100101 - -21?
1221021212100122
In base 13, what is 7015 - -4c?
7064
In base 4, what is 3 + 11110010321010?
11110010321013
In base 14, what is 1208 + dc1?
21c9
In base 13, what is 2 - -50bb9c?
50bba1
In base 11, what is 2362 + -309?
2054
In base 8, what is -1171 - -114722?
113531
In base 4, what is -32 + -1022102330?
-1022103022
In base 12, what is -2371705 - -4?
-2371701
In base 14, what is -8 - 1196d8?
-119702
In base 4, what is -32211203 - -130?
-32211013
In base 16, what is -d31e5a2 + 2?
-d31e5a0
In base 12, what is 396 - a097?
-9901
In base 13, what is 143c2 + -476?
13c49
In base 3, what is -1 + 10121021022210?
10121021022202
In base 16, what is f9 + -ae0b6?
-adfbd
In base 16, what is -17e + e070?
def2
In base 15, what is -d12ed3 + 1?
-d12ed2
In base 5, what is -1030132 - -20?
-1030112
In base 10, what is 143 - 2583787?
-2583644
In base 16, what is -1c49a - 8?
-1c4a2
In base 15, what is -2674c358 - 1?
-2674c359
In base 12, what is -6924bb - 2?
-692501
In base 10, what is -7122 - -96?
-7026
In base 12, what is -3111757 - -4?
-3111753
In base 15, what is 49b - -1d262?
1d70d
In base 2, what is 101010111100100111011 + 101?
101010111100101000000
In base 3, what is 1020011202 + 11102122?
1101121101
In base 15, what is -10381 + -59?
-103da
In base 4, what is 1112230102 - -30?
1112230132
In base 4, what is -3 - 20332122302?
-20332122311
In base 10, what is 65805111 + 2?
65805113
In base 6, what is 1214504 - 22551?
1151513
In base 9, what is -5155040 + 7?
-5155032
In base 14, what is -1171 + -770?
-1901
In base 9, what is -7775 + -32487?
-41373
In base 4, what is 10 + 23001323311?
23001323321
In base 8, what is 556 - -114206?
114764
In base 7, what is 564 + -50205?
-46311
In base 15, what is 1ed + -51e8?
-4eea
In base 5, what is 211220413202 + -3?
211220413144
In base 7, what is 2450 - -12262?
15042
In base 14, what is 39a50 + a?
39a5a
In base 9, what is -506 - -2414737?
2414231
In base 5, what is 2340 - 40121331?
-40113441
In base 12, what is -6 + 6b5b889?
6b5b883
In base 10, what is -4761088 + -7?
-4761095
In base 10, what is 2 + 11525390?
11525392
In base 13, what is 87 + 573286?
573340
In base 13, what is -67 - -2794155?
27940bb
In base 10, what is 62328 + -47?
62281
In base 11, what is 3a678 - -a?
3a687
In base 15, what is 1870 + 20aa?
392a
In base 7, what is 300545020 + -35?
300544652
In base 11, what is -16 - 1878a4?
-18790a
In base 7, what is 42366 + -200155?
-124456
In base 10, what is 35679878 - 3?
35679875
In base 6, what is 311 - 50031320?
-50031005
In base 4, what is 20 + -131312320210?
-131312320130
In base 7, what is 16 + -2245433?
-2245414
In base 11, what is -258875122 + -3?
-258875125
In base 9, what is -318400884 - -4?
-318400880
In base 8, what is 1153410644 + 3?
1153410647
In base 6, what is 5 + 100404533?
100404542
In base 14, what is -bba - 11a9?
-1d85
In base 13, what is 15792665 + b?
15792673
In base 7, what is -12 - 153663553?
-153663565
In base 16, what is 0 + -e8644d?
-e8644d
In base 12, what is -16b3b419 + 2?
-16b3b417
In base 15, what is -e60 + -2781?
-36e1
In base 6, what is 5340403145 - 0?
5340403145
In base 7, what is -224356121 - -5?
-224356113
In base 12, what is 23353 + 4377?
2770a
In base 9, what is -7 - -12786144?
12786136
In base 15, what is 18b63b + 7?
18b643
In base 5, what is 31244 + 1421334?
2003133
In base 2, what is 100 - 10100000010010001010?
-10100000010010000110
In base 4, what is 210002223021 - -2?
210002223023
In base 15, what is -86 + d052?
cebb
In base 13, what is -18a937b - 1?
-18a937c
In base 16, what is -1b + -2b9a6?
-2b9c1
In base 16, what is -e4940 + -33?
-e4973
In base 11, what is -296175 - 1?
-296176
In base 8, what is -15004 + -12355?
-27361
In base 2, what is -11 + 1101010101111101000010010?
1101010101111101000001111
In base 3, what is -22001 - 2100100002001?
-2100100101002
In base 13, what is 2c + 643c99?
643cc8
In base 14, what is -11ab + -7a8?
-1975
In base 8, what is 0 + 763255244?
763255244
In base 4, what is -220231 + 331?
-213300
In base 16, what is 4aa - d1?
3d9
In base 11, what is 12373a + 23?
123762
In base 14, what is 45aad + 11c?
45bcb
In base 14, what is 2a + -a77d99?
-a77d6d
In base 4, what is 33102331230 - -1302?
33102333132
In base 12, what is 73a38175 - -4?
73a38179
In base 11, what is 12576 - 1192?
11394
In base 9, what is -44 - 27570?
-27624
In base 15, what is -14e6577 + 4?
-14e6573
In base 8, what is 3 - -416134424?
416134427
In base 5, what is 30144 - -13443340?
14024034
In base 7, what is 1 - -4244203502?
4244203503
In base 9, what is 48 + -13220521?
-13220462
In base 13, what is 3 + 1b4a26b?
1b4a271
In base 12, what is 1 - -53388?
53389
In base 12, what is -5 - -35a5485?
35a5480
In base 8, what is -13 - 152026126?
-152026141
In base 10, what is 14846 + -5498?
9348
In base 16, what is -5 + -145184?
-145189
In base 8, what is 140762152 + -57?
140762073
In base 4, what is -2 + 1311002121333?
1311002121331
In base 6, what is -3002 - -105354?
102352
In base 12, what is 18a0 - 9b?
1801
In base 13, what is 1 + -244341?
-244340
In base 12, what is 1946726 + 3?
1946729
In base 7, what is 220120 - 55?
220032
In base 13, what is -7342 + 229?
-7116
In base 6, what is -20354445 + 452?
-20353553
In base 6, what is 1005455 + 3300?
1013155
In base 3, what is -101121212 + 1122010?
-22222202
In base 5, what is -1 + 1124034300?
1124034244
In base 15, what is -12de + 4eb4?
3bc5
In base 10, what is -21 + 5309?
5288
In base 10, what is -68 - 1749642?
-1749710
In base 16, what is -268e - bf?
-274d
In base 14, what is 5 - -42c424d?
42c4254
In base 4, what is 10 - -10210200103222?
10210200103232
In base 8, what is -332767 - 560?
-333547
In base 5, what is -4120410140 + 1?
-4120410134
In base 8, what is -5565 + -6171?
-13756
In base 12, what is 29 + 25a944?
25a971
In base 9, what is -832 - -22440?
21507
In base 15, what is -2223a + 3?
-22237
In base 7, what is 2243 + -644?
1266
In base 8, what is -461615 + -17?
-461634
In base 10, what is 18 - -23613?
23631
In base 4, what is 212200013 + -1030?
212132323
In base 4, what is -10311110 - -2012103?
-2233001
In base 10, what is 98899 - 274?
98625
In base 3, what is -10 + -201102100210110?
-201102100210120
In base 12, what is 25949290 - 4?
25949288
In base 3, what is 2 - 1012000020012002?
-1012000020012000
In base 14, what is 7395d75 - 0?
7395d75
In base 6, what is -103212051 + -3?
-103212054
In base 11, what is -93904 - -20?
-93894
In base 14, what is d97835 - 2?
d97833
In base 4, what is 1312 + 100013232?
100021210
In base 13, what is 287a2 + 31?
28803
In base 15, what is b4 - 2d013?
-2ce4e
In base 16, what is -3 - -3c3baa0?
3c3ba9d
In base 4, what is 11222103210 - 2?
11222103202
In base 10, what is -4052205 + -16?
-4052221
In base 10, what is -1928 - 641?
-2569
In base 6, what is 5510441515 + 4?
5510441523
In ba